at is -72 + -3264386?
-3264458
In base 11, what is 22 + 436a44?
436a66
In base 7, what is -24 + 2233113?
2233056
In base 11, what is 16 - 1a229531?
-1a229516
In base 8, what is 143063 + -220?
142643
In base 12, what is 948a3221 - 1?
948a3220
In base 2, what is -1101000 - 11001100001101?
-11001101110101
In base 12, what is -4253 - 58b2?
-9b45
In base 5, what is -104433 - -3234441?
3130003
In base 5, what is -130443124 + -4?
-130443133
In base 7, what is 2 - 1034252016?
-1034252014
In base 6, what is -44533420 - -44?
-44533332
In base 14, what is -14903b41 - 0?
-14903b41
In base 5, what is 2320 + 1433022?
1440342
In base 9, what is 7262047 - -3?
7262051
In base 8, what is 4 + 104550?
104554
In base 7, what is -633 + 6144621?
6143655
In base 2, what is -10011 - 110000100101001100100?
-110000100101001110111
In base 7, what is -66523304 - 426?
-66524033
In base 14, what is -dda97a9 + 3?
-dda97a6
In base 7, what is -113526151 + 1?
-113526150
In base 7, what is -526 - -2211105?
2210246
In base 12, what is -204 + 9b1676?
9b1472
In base 14, what is 33 + -100ca2?
-100c6d
In base 13, what is -1c8ba3 + -172?
-1c9045
In base 9, what is -151 - 54058?
-54220
In base 5, what is -41042311 - 32?
-41042343
In base 16, what is -54 - -32411?
323bd
In base 9, what is 2527247 - 75?
2527162
In base 2, what is 111010011001010010101101 - 1?
111010011001010010101100
In base 2, what is 100010001110101110010111001011 - 10?
100010001110101110010111001001
In base 12, what is 3 - -1954a22?
1954a25
In base 7, what is 3415 - 536442?
-533024
In base 8, what is 11733 - -122?
12055
In base 5, what is 2112 + 10000300?
10002412
In base 15, what is -2 - 4bb67a3?
-4bb67a5
In base 15, what is -53c473 - -5?
-53c46d
In base 14, what is 82999 - -a9b?
83656
In base 14, what is 10415c9d - 2?
10415c9b
In base 15, what is 0 - -5b3c9b4?
5b3c9b4
In base 9, what is 12 + 36725738?
36725751
In base 15, what is -100 + 61279?
61179
In base 2, what is -11 + 1011100110001011000001101?
1011100110001011000001010
In base 16, what is 17a - -17823?
1799d
In base 4, what is 21202130 - -2323223?
30132013
In base 10, what is -244 - -111180?
110936
In base 10, what is 4 + 83087342?
83087346
In base 14, what is 6 - 152d3bc3?
-152d3bbb
In base 14, what is 0 - 1227a0?
-1227a0
In base 7, what is -4 + 2255610?
2255603
In base 2, what is -110011111010000 - 111101000?
-110100110111000
In base 3, what is 101012000 + 11212100?
120001100
In base 10, what is -98965 - 756?
-99721
In base 12, what is -6b6329b - -3?
-6b63298
In base 15, what is 1677db0c + -1?
1677db0b
In base 6, what is -132355212123 + 0?
-132355212123
In base 14, what is -1a - -2c348?
2c32c
In base 7, what is -4234214 + 112?
-4234102
In base 15, what is 6 - -b230ba?
b230c1
In base 3, what is 12022212 - 112100?
11210112
In base 14, what is -15dc1 + -8?
-15dc9
In base 3, what is -210 + 20112122222?
20112122012
In base 9, what is 3073 - -74526?
77610
In base 10, what is 45001521 - 30?
45001491
In base 13, what is 1ba370 - 4?
1ba369
In base 4, what is -131101110 - -23212?
-131011232
In base 14, what is 6 + -cc93180?
-cc93178
In base 8, what is 310262052 + -6?
310262044
In base 9, what is 0 + -8343447?
-8343447
In base 4, what is 12333102232132 + -10?
12333102232122
In base 6, what is -2223 + -511112?
-513335
In base 8, what is -1751653 - -32?
-1751621
In base 10, what is 212 - 945613?
-945401
In base 16, what is 0 + 3f66?
3f66
In base 7, what is 2 + -150466302?
-150466300
In base 5, what is -22420 - 1013401?
-1041321
In base 6, what is -4 - -22015120?
22015112
In base 14, what is 8b60aaba + -5?
8b60aab5
In base 11, what is 3 - 454a713?
-454a710
In base 8, what is -624555 + -1?
-624556
In base 15, what is -4952 - 99?
-49eb
In base 16, what is 6ea95 - -1a?
6eaaf
In base 6, what is 10150 + -3450125?
-3435535
In base 2, what is -11 + 1111100110110100100000?
1111100110110100011101
In base 8, what is 4 + -77755775?
-77755771
In base 5, what is -20344 + 1313240?
1242341
In base 5, what is 130 + 234222420?
234223100
In base 8, what is 702 - 2036713?
-2036011
In base 11, what is -118a - -29543?
28364
In base 2, what is -10001100000001 + -101110111011?
-10111010111100
In base 10, what is -255 + -55081?
-55336
In base 3, what is 2100012112110102 + 0?
2100012112110102
In base 12, what is -2641031 - 1?
-2641032
In base 9, what is 670 - -172328?
173108
In base 10, what is -89740 - -24613?
-65127
In base 5, what is -10 - 3230011432?
-3230011442
In base 11, what is -43 - -2261162?
226111a
In base 8, what is 35256 - 13715?
21341
In base 5, what is 4031301214 + 2?
4031301221
In base 15, what is 100 - -1771eb?
1772eb
In base 15, what is 11 + -3e313?
-3e302
In base 6, what is 23220012523 - 0?
23220012523
In base 4, what is 110333020102 + -10?
110333020032
In base 16, what is -be + -9d59?
-9e17
In base 14, what is -3 - -7212b66?
7212b63
In base 2, what is 100001001101011110011001 - -1010?
100001001101011110100011
In base 16, what is -23 + dabe?
da9b
In base 6, what is -145405 + 41532?
-103433
In base 2, what is 10 + 1010000011101111010?
1010000011101111100
In base 16, what is 809 - 798?
71
In base 2, what is 11000000001111 - 11001001111010100?
-10110001111000101
In base 10, what is -18430 + -552?
-18982
In base 7, what is 105 + -44322103?
-44321665
In base 6, what is 241504422 - -20?
241504442
In base 4, what is -3110201122 - -302?
-3110200220
In base 10, what is -9352014 - -4?
-9352010
In base 6, what is 102 - -33333424?
33333530
In base 3, what is -1212221 - -21220012220?
21211022222
In base 7, what is 351 - 5206656?
-5206305
In base 15, what is 0 + 159994c?
159994c
In base 10, what is 75 - 22295?
-22220
In base 9, what is -383 + -140535?
-141028
In base 8, what is -2 + -372435156?
-372435160
In base 16, what is -d + 45d488?
45d47b
In base 11, what is 16 + -581031?
-581016
In base 13, what is -117a0 + 7b6?
-10cb7
In base 3, what is 2 - 1100110121212110?
-1100110121212101
In base 4, what is -2100012 - -13030?
-2020322
In base 4, what is 30222 + 10033031?
10123313
In base 6, what is 25455430 + 0?
25455430
In base 4, what is 3001 - 2302022?
-2233021
In base 2, what is -10010010110 + 10110010011000100000?
10110010000110001010
In base 4, what is 22133 - 1130002?
-1101203
In base 11, what is -11a4aa - 37?
-11a536
In base 8, what is 50746 + -225?
50521
In base 6, what is 40 + -1441245?
-1441205
In base 12, what is -10840a6 - -58?
-108404a
In base 7, what is 421456033 - 112?
421455621
In base 7, what is 14 + -14004442?
-14004425
In base 2, what is -1000101111101101001 + 100010?
-1000101111101000111
In base 11, what is 96 - 66007?
-65a21
In base 6, what is 253 - 5052135?
-5051442
In base 5, what is 114 + -2320423244?
-2320423130
In base 3, what is 1212 - 12010101202?
-12010022220
In base 14, what is -896a3 - 59?
-8971c
In base 6, what is -43031050 - -24?
-43031022
In base 3, what is 22022100 - 1121221112?
-1022122012
In base 8, what is -6460 - 1027521?
-1036201
In base 10, what is -34 - -264814?
264780
In base 5, what is -10320 + -24030?
-34400
In base 8, what is 1650547 - -71?
1650640
In base 5, what is -1013 - 44142402?
-44143420
In base 3, what is 1211 + -1202200201021?
-1202200122110
In base 15, what is -503127 - 3?
-50312a
In base 6, what is -2132 - -3451?
1315
In base 11, what is 0 + 1640544?
1640544
In base 13, what is 7a25 - -22a2?
9cc7
In base 8, what is -71322727 + -20?
-71322747
In base 7, what is 35 - 660101?
-660033
In base 8, what is 10 + -646236427?
-646236417
In base 5, what is 3102230 - -202?
3102432
In base 11, what is 3 + 790a2?
790a5
In base 6, what is 3141 + 32434?
40015
In base 9, what is -58 + -5486?
-5555
In base 10, what is -28848 + -508?
-29356
In base 16, what is -1f18c - -11c?
-1f070
In base 11, what is -65 - 4320a7?
-432161
In base 6, what is 11043144 - 4?
11043140
In base 5, what is -4 - -1120132402?
1120132343
In base 5, what is -400104 - 4103?
-404212
In base 7, what is -1103300 - 554?
-1104154
In base 6, what is 4314 + 33250?
42004
In base 2, what is 101010011100101 - -1010011011010?
110100110111111
In base 16, what is -fca562 + c?
-fca556
In base 16, what is -416 + -adcb?
-b1e1
In base 7, what is 33 - 23033214?
-23033151
In base 13, what is -14495 + 96?
-143cc
In base 3, what is 1102110100001 - -11001?
1102110111002
In base 7, what is -2146225236 +